en 67423 is divided by 92.
79
Calculate the remainder when 33198 is divided by 17.
14
Calculate the remainder when 87434 is divided by 78.
74
Calculate the remainder when 22069 is divided by 539.
509
What is the remainder when 6328 is divided by 30?
28
What is the remainder when 2581 is divided by 1940?
641
What is the remainder when 1704 is divided by 7?
3
What is the remainder when 8158 is divided by 120?
118
What is the remainder when 4121 is divided by 1094?
839
What is the remainder when 1500 is divided by 211?
23
What is the remainder when 1659487 is divided by 17?
15
What is the remainder when 2709 is divided by 208?
5
Calculate the remainder when 37325 is divided by 602.
1
What is the remainder when 2905 is divided by 195?
175
What is the remainder when 344962 is divided by 172475?
12
What is the remainder when 12470 is divided by 879?
164
Calculate the remainder when 3896 is divided by 1939.
18
What is the remainder when 1564 is divided by 790?
774
Calculate the remainder when 21611 is divided by 829.
57
Calculate the remainder when 128708 is divided by 173.
169
Calculate the remainder when 684335 is divided by 57.
50
What is the remainder when 6070 is divided by 471?
418
What is the remainder when 3145623 is divided by 111?
105
Calculate the remainder when 210403 is divided by 210394.
9
Calculate the remainder when 27099 is divided by 793.
137
Calculate the remainder when 48476 is divided by 17.
9
What is the remainder when 1577820 is divided by 214?
212
Calculate the remainder when 6123 is divided by 3055.
13
What is the remainder when 28475 is divided by 418?
51
Calculate the remainder when 5729 is divided by 1129.
84
What is the remainder when 14624 is divided by 3582?
296
What is the remainder when 546561 is divided by 26026?
15
Calculate the remainder when 2045 is divided by 409.
0
What is the remainder when 8966 is divided by 1793?
1
Calculate the remainder when 5330 is divided by 1066.
0
What is the remainder when 5185 is divided by 2478?
229
What is the remainder when 74225 is divided by 12370?
5
Calculate the remainder when 2124 is divided by 1008.
108
Calculate the remainder when 1540251 is divided by 114.
111
What is the remainder when 15407 is divided by 2550?
107
Calculate the remainder when 7344 is divided by 255.
204
What is the remainder when 595 is divided by 527?
68
Calculate the remainder when 9422 is divided by 43.
5
What is the remainder when 4326 is divided by 2885?
1441
Calculate the remainder when 151559 is divided by 8.
7
Calculate the remainder when 455137 is divided by 11.
1
What is the remainder when 14750 is divided by 21?
8
What is the remainder when 829683 is divided by 13?
10
Calculate the remainder when 394897 is divided by 25.
22
Calculate the remainder when 242307 is divided by 2036.
23
Calculate the remainder when 21871 is divided by 241.
181
What is the remainder when 684 is divided by 465?
219
What is the remainder when 12247 is divided by 3997?
256
Calculate the remainder when 40132 is divided by 194.
168
Calculate the remainder when 7553 is divided by 2.
1
What is the remainder when 301054 is divided by 196?
194
Calculate the remainder when 2953 is divided by 295.
3
What is the remainder when 951 is divided by 776?
175
Calculate the remainder when 31697 is divided by 161.
141
Calculate the remainder when 723497 is divided by 1914.
5
What is the remainder when 839 is divided by 314?
211
Calculate the remainder when 2914 is divided by 942.
88
What is the remainder when 6960 is divided by 82?
72
Calculate the remainder when 29507 is divided by 1551.
38
Calculate the remainder when 9935 is divided by 1419.
2
Calculate the remainder when 1463 is divided by 94.
53
Calculate the remainder when 12644 is divided by 1193.
714
Calculate the remainder when 1041 is divided by 1040.
1
What is the remainder when 15166 is divided by 52?
34
Calculate the remainder when 24540 is divided by 273.
243
Calculate the remainder when 26306 is divided by 237.
236
Calculate the remainder when 16544 is divided by 590.
24
What is the remainder when 1242672 is divided by 525?
522
What is the remainder when 8271 is divided by 4129?
13
Calculate the remainder when 153720 is divided by 44.
28
Calculate the remainder when 193869 is divided by 21541.
0
Calculate the remainder when 106846 is divided by 26702.
38
What is the remainder when 959777 is divided by 5?
2
What is the remainder when 3546 is divided by 505?
11
What is the remainder when 16722 is divided by 2770?
102
What is the remainder when 1200 is divided by 42?
24
What is the remainder when 2563 is divided by 919?
725
What is the remainder when 5111 is divided by 263?
114
Calculate the remainder when 16014 is divided by 889.
12
Calculate the remainder when 6329 is divided by 210.
29
Calculate the remainder when 209357 is divided by 80.
77
Calculate the remainder when 283402 is divided by 122.
118
What is the remainder when 483513 is divided by 93?
6
What is the remainder when 108357 is divided by 30?
27
Calculate the remainder when 18905 is divided by 69.
68
What is the remainder when 212193 is divided by 34?
33
What is the remainder when 60361 is divided by 57?
55
What is the remainder when 14199 is divided by 996?
255
Calculate the remainder when 88063 is divided by 1024.
1023
Calculate the remainder when 11835 is divided by 117.
18
Calculate the remainder when 4503 is divided by 564.
555
Calculate the remainder when 13756 is divided by 405.
391
What is the remainder when 89668 is divided by 47?
39
Calculate the remainder when 89701 is divided by 685.
651
Calculate the remainder when 4167 is divided by 825.
42
What is the remainder when 526 is divided by 261?
4
Calculate the remainder when 14975498 is divided by 122.
120
Calculate the remainder when 386370 is divided by 35.
5
What is the remainder when 9891 is divided by 4945?
1
Calculate the remainder when 156239 is divided by 15.
14
Calculate the remainder when 3635 is divided by 1713.
209
What is the remainder when 42015 is divided by 202?
201
Calculate the remainder when 40450 is divided by 5778.
4
Calculate the remainder when 187010 is divided by 347.
324
What is the remainder when 25441 is divided by 40?
1
What is the remainder when 27138 is divided by 9043?
9
Calculate the remainder when 47349 is divided by 194.
13
What is the remainder when 1011 is divided by 1006?
5
Calculate the remainder when 2218 is divided by 756.
706
Calculate the remainder when 2356 is divided by 142.
84
What is the remainder when 24224 is divided by 12106?
12
What is the remainder when 167497 is divided by 83747?
3
Calculate the remainder when 153031 is divided by 1034.
1033
What is the remainder when 11387 is divided by 134?
131
Calculate the remainder when 3314 is divided by 473.
3
Calculate the remainder when 23243 is divided by 2143.
1813
What is the remainder when 1207 is divided by 133?
10
What is the remainder when 753347 is divided by 50?
47
Calculate the remainder when 160 is divided by 46.
22
Calculate the remainder when 5193 is divided by 124.
109
Calculate the remainder when 9503 is divided by 1583.
5
What is the remainder when 337036 is divided by 27?
22
What is the remainder when 26132 is divided by 8?
4
Calculate the remainder when 18901 is divided by 59.
21
What is the remainder when 147130 is divided by 26?
22
Calculate the remainder when 8824497 is divided by 500.
497
What is the remainder when 770611 is divided by 106?
97
Calculate the remainder when 51785 is divided by 428.
425
What is the remainder when 374417 is divided by 386?
383
What is the remainder when 418946 is divided by 244?
242
Calculate the remainder when 81456 is divided by 189.
186
Calculate the remainder when 60732 is divided by 20164.
240
What is the remainder when 837539 is divided by 282?
281
What is the remainder when 298938 is divided by 61?
38
Calculate the remainder when 30482 is divided by 15226.
30
What is the remainder when 8908 is divided by 132?
64
What is the remainder when 105349 is divided by 599?
524
Calculate the remainder when 13742 is divided by 45.
17
What is the remainder when 2195 is divided by 44?
39
Calculate the remainder when 13586 is divided by 1374.
1220
Calculate the remainder when 41518 is divided by 175.
43
Calcul